(3)?
-10
Let o(s) = -s**3 - 5*s**2 + 34*s + 58. Give o(-9).
76
Let o(x) = -81*x + 980. Calculate o(12).
8
Let i(n) = 27*n**2 - 390*n + 140. Give i(14).
-28
Let q(u) = 1307*u + 18297. Determine q(-14).
-1
Let r(t) = 92*t + 373. Determine r(-4).
5
Let q(x) = x**3 - 3*x**2 - 2*x - 58. Calculate q(6).
38
Let t(v) = 3*v**3 + 8*v**2 + 4*v - 39. What is t(-5)?
-234
Let y(i) = -14*i**2 + 3*i + 42. Give y(0).
42
Let d(s) = -3*s**3 + 43*s**2 - 12*s - 31. Determine d(14).
-3
Let i(r) = -r**2 + r + 4. Determine i(2).
2
Let f(t) = 202*t - 3876. What is f(19)?
-38
Let l(h) = -12363*h - 111265. Give l(-9).
2
Let d(s) = s**3 - 42*s**2 - 52*s + 103. What is d(43)?
-284
Let a(u) = -u**3 - 16*u**2 - 29*u + 50. Calculate a(-3).
20
Let y(t) = 39*t - 81. What is y(3)?
36
Let f(w) = -w**3 + 9*w**2 + 93*w - 753. Calculate f(11).
28
Let s(p) = 14*p**2 + 294*p + 132. What is s(-21)?
132
Let n(f) = -4*f**2 - 17*f + 34. Determine n(6).
-212
Let w(h) = -65*h + 956. Calculate w(13).
111
Let t(m) = -15*m**2 + 18*m - 11. Calculate t(3).
-92
Let k(c) = -2*c**2 + 16*c + 40. Give k(-2).
0
Let k(i) = -3*i + 26. Determine k(0).
26
Let a(m) = m**3 + 11*m**2 + 23*m + 131. Give a(-10).
1
Let f(u) = -6*u**2 - 936*u + 1891. What is f(-158)?
-5
Let p(z) = -159*z - 306. Determine p(-2).
12
Let z(c) = 48*c + 3723. Calculate z(-78).
-21
Let w(j) = -7890*j - 31557. Calculate w(-4).
3
Let p(m) = 43*m + 940. Calculate p(-28).
-264
Let h(u) = -2*u**3 - 35*u**2 - 151*u - 3. What is h(-10)?
7
Let l(f) = 132*f**2 - 1546*f + 1546. Calculate l(1).
132
Let p(q) = 161*q**2 - 2412*q - 42. What is p(15)?
3
Let j(o) = 215*o - 1507. Determine j(7).
-2
Let l(y) = -3*y**2 - 34*y + 293. Give l(5).
48
Let t(u) = -10*u**2 + 44*u + 190. Determine t(-4).
-146
Let c(h) = -h**3 - 13*h**2 + 65*h + 801. Give c(-13).
-44
Let l(k) = k**3 - 21*k**2 - 10*k + 192. What is l(21)?
-18
Let n(q) = -q**3 + 6*q**2 + 82*q - 473. Calculate n(8).
55
Let d(y) = y**3 - 54*y**2 + 120*y - 830. Calculate d(52).
2
Let f(u) = u**3 + 29*u**2 - 383*u - 7244. Determine f(-34).
-2
Let g(q) = -q**3 - 70*q**2 + 55*q - 897. Calculate g(-71).
239
Let z(u) = 66*u + 1165. What is z(-19)?
-89
Let k(y) = y**3 - 36*y**2 - 455*y + 35. Determine k(46).
265
Let s(y) = -159*y**2 + 1. Calculate s(1).
-158
Let z(y) = 135*y - 11. Calculate z(-2).
-281
Let k(w) = -w**2 - 20*w - 10. Calculate k(-20).
-10
Let a(w) = 3*w - 86. Determine a(-40).
-206
Let j(y) = -y**3 - 25*y**2 + 12*y + 303. Calculate j(-25).
3
Let n(s) = -4*s**3 - 3*s**2 - 23*s + 25. Calculate n(1).
-5
Let t(h) = -82*h**2 + 9*h + 13. Give t(-2).
-333
Let y(g) = g**3 - 38*g**2 + 39*g + 87. What is y(37)?
161
Let a(z) = 59*z - 2266. Determine a(39).
35
Let g(p) = 24*p + 88. Calculate g(3).
160
Let h(i) = -6*i**2 - 96*i + 302. What is h(3)?
-40
Let v(m) = -5*m**3 - 104*m**2 + 10*m - 220. Give v(-21).
11
Let p(j) = 11*j**3 + 417*j**2 - 38*j - 81. Give p(-38).
-81
Let r(w) = -w**3 - 7*w**2 - 7*w - 22. Give r(-4).
-42
Let s(c) = 4*c + 58. What is s(-15)?
-2
Let t(c) = -257*c + 1916. Give t(8).
-140
Let n(r) = -2*r + 108. Calculate n(14).
80
Let g(s) = -s**2 + 21*s + 77. Calculate g(25).
-23
Let q(k) = -k**3 - 43*k**2 + 89*k + 216. Give q(-45).
261
Let x(d) = -d**3 - 46*d**2 + 93*d - 150. Give x(-48).
-6
Let q(p) = 2279*p - 72947. What is q(32)?
-19
Let n(p) = 57*p + 4660. What is n(-81)?
43
Let p(l) = -l**2 + 6181*l - 86332. Give p(14).
6
Let a(w) = 9*w**3 + 15*w**2 + 39*w + 24. What is a(-1)?
-9
Let a(w) = -w**2 + 625*w - 8717. Determine a(14).
-163
Let z(v) = v**3 + 6*v**2 - 65*v - 231. Give z(-10).
19
Let y(r) = r**3 - 28*r**2 + 105*r + 283. Give y(7).
-11
Let b(z) = -297*z + 17209. Determine b(58).
-17
Let k(n) = -n**3 + 13*n**2 + 50*n - 7. Determine k(16).
25
Let i(s) = s**2 + 247*s + 1444. Determine i(-6).
-2
Let o(n) = n**2 - 15*n + 52. Determine o(17).
86
Let x(m) = m**3 - 80*m**2 + 184*m + 3650. Determine x(77).
31
Let h(g) = -508*g + 10740. Give h(21).
72
Let u(t) = t**3 - 18*t**2 + 36*t - 328. Give u(17).
-5
Let c(h) = -78*h + 2303. Determine c(30).
-37
Let u(o) = o**3 + 11*o**2 - 24*o - 31. What is u(-12)?
113
Let l(j) = -9*j**3 - 8. Determine l(-2).
64
Let c(z) = 11*z**3 - 4*z - 5. Give c(2).
75
Let p(q) = 5241*q + 162471. What is p(-31)?
0
Let z(j) = j**2 - j + 236. Calculate z(-18).
578
Let b(t) = t**3 - 17*t**2 + 48*t - 14. Calculate b(13).
-66
Let a(b) = 501*b - 5498. Give a(11).
13
Let n(g) = -143*g - 2262. Determine n(-17).
169
Let s(q) = 58*q - 947. Determine s(16).
-19
Let q(w) = -578*w - 4052. Calculate q(-7).
-6
Let r(a) = -31*a**2 - 193*a - 38. What is r(-6)?
4
Let h(d) = 2*d**3 - 50*d**2 + 285*d + 23. Determine h(9).
-4
Let p(w) = -6*w - 350. Determine p(-85).
160
Let g(x) = x**3 + 8*x**2 - 31*x - 251. Give g(-8).
-3
Let k(u) = -296*u + 310. Calculate k(1).
14
Let o(r) = r**2 - 55*r - 291. Determine o(60).
9
Let f(l) = l**2 + 39*l - 47. Give f(9).
385
Let k(m) = m**2 + 14*m + 8. What is k(-4)?
-32
Let i(k) = -4*k**2 - 253*k + 22002. What is i(49)?
1
Let t(z) = 31*z - 352. Calculate t(11).
-11
Let h(p) = 7*p**3 - p**2 + 5*p + 1. Give h(-2).
-69
Let f(y) = -2*y**2 + 33*y - 41. Give f(19).
-136
Let v(t) = -138*t**2 + t - 3. What is v(1)?
-140
Let n(b) = 6*b**2 + 97*b + 353. What is n(-5)?
18
Let l(q) = -259*q - 2402. What is l(-12)?
706
Let b(k) = -3*k**2 - 67*k - 352. Give b(-15).
-22
Let c(i) = 746*i - 72364. What is c(97)?
-2
Let y(p) = -p**2 - 3124*p + 9378. Calculate y(3).
-3
Let i(n) = n**3 - 64*n**2 + 3*n - 171. Calculate i(64).
21
Let q(f) = -6*f - 93. Calculate q(-10).
-33
Let q(z) = z**3 - 6*z**2 - 11*z - 30. What is q(8)?
10
Let w(b) = b**2 - 80*b - 603. What is w(87)?
6
Let w(p) = -862*p - 1754. Determine w(-2).
-30
Let p(v) = -54*v**3 - 7*v**2 - v - 1. Calculate p(-1).
47
Let h(p) = -7*p**3 - 88*p**2 - 85*p + 4. Calculate h(-1).
8
Let p(z) = 2*z**3 + 24*z**2 - 58*z - 46. What is p(-14)?
-18
Let g(d) = 2*d**3 - 17*d**2 - 6*d - 4. Determine g(-3).
-193
Let h(a) = -8*a**2 + 30*a - 12. Give h(7).
-194
Let a(r) = -99*r - 3606. Determine a(-37).
57
Let b(d) = -3*d - 205. Determine b(-25).
-130
Let o(l) = -l**3 + 5*l**2 - 28*l - 11. Give o(7).
-305
Let v(n) = -4*n**2 - 214*n - 837. What is v(-4)?
-45
Let m(f) = -118*f - 110. Give m(-4).
362
Let d(n) = n**3 + 21*n**2 - 4*n - 103. Give d(-21).
-19
Let j(t) = -t**3 - 4*t**2 - 22. Give j(-4).
-22
Let d(s) = -s**3 + 9*s**2 + 47*s - 429. Give d(7).
-2
Let b(v) = 22*v**3 - 3*v**2 - 12*v + 33. What is b(2)?
173
Let k(n) = -35*n - 191. Determine k(-5).
-16
Let v(o) = -58*o - 526. Give v(-11).
112
Let z(t) = t**2 - 28*t + 115. Determine z(21).
-32
Let y(q) = -q**2 - 16*q - 169. What is y(-20)?
-249
Let k(b) = b**3 + 6*b**2 - 195*b - 27. Give k(11).
-115
Let t(v) = -4*v**2 - 8*v - 10. Give t(7).
-262
Let h(q) = 9*q**2 - 46*q - 29. Determine h(4).
-69
Let g(k) = k**2 - 19*k - 114. What is g(19)?
-114
Let d(q) = q**3 - 17*q**2 + 29*q - 31. Calculate d(15).
-46
Let o(r) = 8*r**2 - 21*r + 46. Give o(3).
55
Let z(c) = 646*c**3 + c**2 + 15*c + 14. What is z(-1)?
-646
Let z(g) = -g**3 + 127*g - 563. What is z(5)?
-53
Let x(c) = 15*c**3 - 14*c**2 - c + 5. Calculate x(2).
67
Let j(v) = 2*v**2 - 213*v - 3370. Give j(-14).
4
Let y(w) = 2*w**3 + 4*w**2 - 126*w - 9. What is y(-9)?
-9
Let x(i) = 150*i + 1051. Give x(-7).
1
Let y(q) = -8*q**2 + 43*q - 114. Calculate y(3).
-57
Let m(p) = 72*p + 860. Calculate m(-12).
-4
Let l(n) = n**2 + 6*n + 262. What is l(0)?
262
Let h(y) = -22*y**3 - 64*y**2 + 17*y + 24. Determine h(-3).
-9
Let c(y) = 2*y**2 - 5*y - 64. Determine c(10).
86
Let d(k) = -6248*k - 6232. Give d(-1).
16
Let m(o) = 3*o**3 + 74*o**2 + 37*o - 256. What is m(-24)?
8
Let o(y) = 55*y - 3605. Give o(67).
80
Let t(k) = -k**3 - 109*k**2 + 325*k - 1226. What is t(-112)?
6
Let n(y) = -49*y - 4244. Determine n(-87).
19
Let a(f) = 43*f + 144. What is a(-3)?
15
Let h(d) = -d + 119. Give h(51).
68
Let m(c) = -16*c - 296. Determine m(-20).
24
Let q(m) = 9*m**2 - 39*m + 9. Give q(4).
-3
Let l(r) = r**3 - 86*r**2 + 1824*r + 12. Give l(38).
12
Let o(l) = -45*l - 202. Give o(-5).
23
Let w(y) = -y**3 + 111*y**2 + 547*y + 3823. Determine w(116).
-5
Let b(x) = -x**3 + 51*x**2 - 345*x + 65. What is b(43)?
22
Let y(z) = -9*z**2 - 1690*z - 2984. Determine y(-186).
-8
Let l(x) = x**2 + x - 63. What is l(7)?
-7
Let c(q) = -q**2 - 24*q - 6. What is c(-27)?